CRAN Package Check Results for Package metRology

Last updated on 2024-04-19 21:56:33 CEST.

Flavor Version Tinstall Tcheck Ttotal Status Flags
r-devel-linux-x86_64-debian-clang 0.9-28-1 12.27 87.10 99.37 NOTE
r-devel-linux-x86_64-debian-gcc 0.9-28-1 NOTE
r-devel-linux-x86_64-fedora-clang 0.9-28-1 120.33 NOTE
r-devel-linux-x86_64-fedora-gcc 0.9-28-1 113.46 NOTE
r-prerel-macos-arm64 0.9-28-1 32.00 NOTE
r-prerel-windows-x86_64 0.9-28-1 12.00 91.00 103.00 NOTE
r-patched-linux-x86_64 0.9-28-1 18.15 81.41 99.56 NOTE
r-release-linux-x86_64 0.9-28-1 8.87 80.74 89.61 OK
r-release-macos-arm64 0.9-28-1 33.00 OK
r-release-macos-x86_64 0.9-28-1 52.00 OK
r-release-windows-x86_64 0.9-28-1 12.00 104.00 116.00 OK
r-oldrel-macos-arm64 0.9-28-1 37.00 OK
r-oldrel-windows-x86_64 0.9-28-1 16.00 103.00 119.00 OK

Check Details

Version: 0.9-28-1
Check: Rd files
Result: NOTE checkRd: (-1) bootMSD.Rd:71: Lost braces in \itemize; \value handles \item{}{} directly checkRd: (-1) bootMSD.Rd:72: Lost braces in \itemize; \value handles \item{}{} directly checkRd: (-1) bootMSD.Rd:73: Lost braces in \itemize; \value handles \item{}{} directly checkRd: (-1) bootMSD.Rd:74-75: Lost braces in \itemize; \value handles \item{}{} directly checkRd: (-1) bootMSD.Rd:76-77: Lost braces in \itemize; \value handles \item{}{} directly checkRd: (-1) bootMSD.Rd:78: Lost braces in \itemize; \value handles \item{}{} directly checkRd: (-1) bootMSD.Rd:79: Lost braces in \itemize; \value handles \item{}{} directly checkRd: (-1) bootMSD.Rd:80-81: Lost braces in \itemize; \value handles \item{}{} directly checkRd: (-1) bootMSD_class.Rd:103: Lost braces in \itemize; \value handles \item{}{} directly checkRd: (-1) bootMSD_class.Rd:104: Lost braces in \itemize; \value handles \item{}{} directly checkRd: (-1) bootMSD_class.Rd:105: Lost braces in \itemize; \value handles \item{}{} directly checkRd: (-1) bootMSD_class.Rd:106-107: Lost braces in \itemize; \value handles \item{}{} directly checkRd: (-1) bootMSD_class.Rd:108-109: Lost braces in \itemize; \value handles \item{}{} directly checkRd: (-1) bootMSD_class.Rd:110: Lost braces in \itemize; \value handles \item{}{} directly checkRd: (-1) bootMSD_class.Rd:111-112: Lost braces in \itemize; \value handles \item{}{} directly checkRd: (-1) bootMSD_class.Rd:113: Lost braces in \itemize; \value handles \item{}{} directly checkRd: (-1) bootMSD_class.Rd:114: Lost braces in \itemize; \value handles \item{}{} directly checkRd: (-1) plot.uncert.Rd:47: Lost braces 47 | absolute value is plotted. For the 'diagonal' terms, these are just eqn{u_i(y)} | ^ checkRd: (-1) plot.uncertMC.Rd:52: Lost braces 52 | present (in sQuote{\dots}), it is set to \code{TRUE}.} | ^ checkRd: (-1) plot.uncertMC.Rd:56: Lost braces 56 | \item{\code{which=4}}{A bar plot of eqn{cor(x_i,y)} if \code{x$y} | ^ checkRd: (-1) plot.uncertMC.Rd:59: Lost braces 59 | \item{\code{which=5}}{A bar plot of eqn{cov(x_i,y)} if \code{x$y} | ^ checkRd: (-1) xs.plot.Rd:146: Lost braces 146 | Options are code{"top"}, code{"topright"}, code{"right"}, code{"bottomright"}, | ^ checkRd: (-1) xs.plot.Rd:146: Lost braces 146 | Options are code{"top"}, code{"topright"}, code{"right"}, code{"bottomright"}, | ^ checkRd: (-1) xs.plot.Rd:146: Lost braces 146 | Options are code{"top"}, code{"topright"}, code{"right"}, code{"bottomright"}, | ^ checkRd: (-1) xs.plot.Rd:146: Lost braces 146 | Options are code{"top"}, code{"topright"}, code{"right"}, code{"bottomright"}, | ^ checkRd: (-1) xs.plot.Rd:147: Lost braces 147 | code{"bottom"}, code{"bottomleft"}, code{"left"} and code{"topleft"}. A vector can be | ^ checkRd: (-1) xs.plot.Rd:147: Lost braces 147 | code{"bottom"}, code{"bottomleft"}, code{"left"} and code{"topleft"}. A vector can be | ^ checkRd: (-1) xs.plot.Rd:147: Lost braces 147 | code{"bottom"}, code{"bottomleft"}, code{"left"} and code{"topleft"}. A vector can be | ^ checkRd: (-1) xs.plot.Rd:147: Lost braces 147 | code{"bottom"}, code{"bottomleft"}, code{"left"} and code{"topleft"}. A vector can be | ^ Flavors: r-devel-linux-x86_64-debian-clang, r-devel-linux-x86_64-debian-gcc, r-devel-linux-x86_64-fedora-clang, r-devel-linux-x86_64-fedora-gcc, r-prerel-macos-arm64, r-prerel-windows-x86_64, r-patched-linux-x86_64