CRAN Package Check Results for Package meta

Last updated on 2021-11-26 20:49:39 CET.

Flavor Version Tinstall Tcheck Ttotal Status Flags
r-devel-linux-x86_64-debian-clang 5.1-0 41.85 261.78 303.63 OK
r-devel-linux-x86_64-debian-gcc 5.1-0 35.79 197.13 232.92 OK
r-devel-linux-x86_64-fedora-clang 5.1-0 384.58 NOTE
r-devel-linux-x86_64-fedora-gcc 5.1-0 373.12 OK
r-devel-windows-x86_64-new-UL 5.1-0 71.00 303.00 374.00 OK
r-devel-windows-x86_64-new-TK 5.1-0 OK
r-devel-windows-x86_64-old 5.1-0 45.00 309.00 354.00 OK
r-patched-linux-x86_64 5.1-0 47.86 250.65 298.51 OK
r-patched-solaris-x86 5.1-0 432.70 OK
r-release-linux-x86_64 5.1-0 OK
r-release-macos-arm64 5.1-0 OK
r-release-macos-x86_64 5.1-0 OK
r-release-windows-ix86+x86_64 5.1-0 73.00 207.00 280.00 OK
r-oldrel-macos-x86_64 5.1-0 OK
r-oldrel-windows-ix86+x86_64 5.1-0 74.00 305.00 379.00 OK

Check Details

Version: 5.1-0
Check: Rd cross-references
Result: NOTE
    Undeclared packages ‘metasens’, ‘robumeta’ in Rd xrefs
Flavor: r-devel-linux-x86_64-fedora-clang