CRAN Package Check Results for Package metaCluster

Last updated on 2022-01-27 19:51:04 CET.

Flavor Version Tinstall Tcheck Ttotal Status Flags
r-devel-linux-x86_64-debian-clang 0.1.0 16.55 168.25 184.80 OK
r-devel-linux-x86_64-debian-gcc 0.1.0 15.46 124.27 139.73 OK
r-devel-linux-x86_64-fedora-clang 0.1.0 210.16 OK
r-devel-linux-x86_64-fedora-gcc 0.1.0 207.77 OK
r-devel-windows-x86_64-new-UL 0.1.0 23.00 169.00 192.00 OK
r-devel-windows-x86_64-new-TK 0.1.0 ERROR
r-patched-linux-x86_64 0.1.0 15.53 151.12 166.65 OK
r-release-linux-x86_64 0.1.0 15.40 150.81 166.21 OK
r-release-macos-arm64 0.1.0 OK
r-release-macos-x86_64 0.1.0 OK
r-release-windows-ix86+x86_64 0.1.0 30.00 162.00 192.00 OK
r-oldrel-macos-x86_64 0.1.0 OK
r-oldrel-windows-ix86+x86_64 0.1.0 39.00 156.00 195.00 OK

Check Details

Version: 0.1.0
Check: package dependencies
Result: ERROR
    Package required but not available: 'factoextra'
    
    See section 'The DESCRIPTION file' in the 'Writing R Extensions'
    manual.
Flavor: r-devel-windows-x86_64-new-TK