CRAN Package Check Results for Package metaGE

Last updated on 2024-02-23 19:48:51 CET.

Flavor Version Tinstall Tcheck Ttotal Status Flags
r-devel-linux-x86_64-debian-clang 1.0.3 OK
r-devel-linux-x86_64-debian-gcc 1.0.3 14.68 156.62 171.30 OK
r-devel-linux-x86_64-fedora-clang 1.0.3 284.31 NOTE
r-devel-linux-x86_64-fedora-gcc 1.0.3 282.08 OK
r-devel-windows-x86_64 1.0.3 17.00 183.00 200.00 NOTE
r-patched-linux-x86_64 1.0.3 17.91 203.25 221.16 OK
r-release-linux-x86_64 1.0.3 12.00 206.56 218.56 OK
r-release-macos-arm64 1.0.3 169.00 NOTE
r-release-macos-x86_64 1.0.3 216.00 NOTE
r-release-windows-x86_64 1.0.3 24.00 228.00 252.00 NOTE
r-oldrel-macos-arm64 1.0.3 100.00 NOTE
r-oldrel-windows-x86_64 1.0.3 24.00 227.00 251.00 NOTE

Check Details

Version: 1.0.3
Check: installed package size
Result: NOTE installed size is 5.2Mb sub-directories of 1Mb or more: data 4.1Mb Flavors: r-devel-linux-x86_64-fedora-clang, r-devel-windows-x86_64, r-release-macos-arm64, r-release-macos-x86_64, r-release-windows-x86_64, r-oldrel-macos-arm64, r-oldrel-windows-x86_64