CRAN Package Check Results for Package metaSEM

Last updated on 2021-12-08 19:51:39 CET.

Flavor Version Tinstall Tcheck Ttotal Status Flags
r-devel-linux-x86_64-debian-clang 1.2.5.1 0.84 12.25 13.09 ERROR
r-devel-linux-x86_64-debian-gcc 1.2.5.1 14.69 136.25 150.94 OK
r-devel-linux-x86_64-fedora-clang 1.2.5.1 244.99 OK
r-devel-linux-x86_64-fedora-gcc 1.2.5.1 218.95 OK
r-devel-windows-x86_64-new-UL 1.2.5.1 39.00 233.00 272.00 OK
r-devel-windows-x86_64-new-TK 1.2.5.1 OK
r-devel-windows-x86_64-old 1.2.5.1 28.00 151.00 179.00 OK
r-patched-linux-x86_64 1.2.5.1 18.50 169.88 188.38 OK
r-release-linux-x86_64 1.2.5.1 17.86 171.64 189.50 OK
r-release-macos-arm64 1.2.5.1 OK
r-release-macos-x86_64 1.2.5.1 OK
r-release-windows-ix86+x86_64 1.2.5.1 25.00 213.00 238.00 OK
r-oldrel-macos-x86_64 1.2.5.1 OK
r-oldrel-windows-ix86+x86_64 1.2.5.1 34.00 213.00 247.00 OK

Check Details

Version: 1.2.5.1
Check: package dependencies
Result: ERROR
    Package required but not available: 'OpenMx'
    
    Package suggested but not available for checking: 'semPlot'
    
    See section 'The DESCRIPTION file' in the 'Writing R Extensions'
    manual.
Flavor: r-devel-linux-x86_64-debian-clang