Last updated on 2021-01-22 19:47:23 CET.
Flavor | Version | Tinstall | Tcheck | Ttotal | Status | Flags |
---|---|---|---|---|---|---|
r-devel-linux-x86_64-debian-clang | 0.3.4 | 33.01 | 133.74 | 166.75 | OK | |
r-devel-linux-x86_64-debian-gcc | 0.3.4 | 20.58 | 97.28 | 117.86 | OK | |
r-devel-linux-x86_64-fedora-clang | 0.3.4 | 202.39 | NOTE | |||
r-devel-linux-x86_64-fedora-gcc | 0.3.4 | 187.00 | NOTE | |||
r-devel-windows-ix86+x86_64 | 0.3.4 | 69.00 | 176.00 | 245.00 | OK | |
r-patched-linux-x86_64 | 0.3.4 | 25.70 | 124.15 | 149.85 | OK | |
r-patched-solaris-x86 | 0.3.4 | 232.80 | NOTE | |||
r-release-linux-x86_64 | 0.3.4 | 25.21 | 125.33 | 150.54 | OK | |
r-release-macos-x86_64 | 0.3.4 | NOTE | ||||
r-release-windows-ix86+x86_64 | 0.3.4 | 77.00 | 250.00 | 327.00 | OK | |
r-oldrel-macos-x86_64 | 0.3.4 | NOTE | ||||
r-oldrel-windows-ix86+x86_64 | 0.3.4 | 47.00 | 161.00 | 208.00 | OK |
Version: 0.3.4
Check: package dependencies
Result: NOTE
Imports includes 30 non-default packages.
Importing from so many packages makes the package vulnerable to any of
them becoming unavailable. Move as many as possible to Suggests and
use conditionally.
Flavor: r-devel-linux-x86_64-fedora-clang
Version: 0.3.4
Check: dependencies in R code
Result: NOTE
Namespaces in Imports field not imported from:
‘ggrepel’ ‘reshape’ ‘svglite’
All declared Imports should be used.
Flavors: r-devel-linux-x86_64-fedora-clang, r-devel-linux-x86_64-fedora-gcc, r-patched-solaris-x86, r-release-macos-x86_64, r-oldrel-macos-x86_64