CRAN Package Check Results for Package metafor

Last updated on 2021-10-20 20:49:19 CEST.

Flavor Version Tinstall Tcheck Ttotal Status Flags
r-devel-linux-x86_64-debian-clang 3.0-2 65.50 499.38 564.88 OK
r-devel-linux-x86_64-debian-gcc 3.0-2 51.80 358.16 409.96 OK
r-devel-linux-x86_64-fedora-clang 3.0-2 675.63 OK
r-devel-linux-x86_64-fedora-gcc 3.0-2 658.43 OK
r-devel-windows-x86_64 3.0-2 95.00 550.00 645.00 OK
r-devel-windows-x86_64-gcc10-UCRT 3.0-2 OK
r-patched-linux-x86_64 3.0-2 69.28 483.66 552.94 OK
r-patched-solaris-x86 3.0-2 771.30 NOTE
r-release-linux-x86_64 3.0-2 55.20 478.57 533.77 OK
r-release-macos-arm64 3.0-2 NOTE
r-release-macos-x86_64 3.0-2 OK
r-release-windows-ix86+x86_64 3.0-2 71.00 561.00 632.00 OK
r-oldrel-macos-x86_64 3.0-2 OK
r-oldrel-windows-ix86+x86_64 3.0-2 102.00 570.00 672.00 OK

Check Details

Version: 3.0-2
Check: installed package size
Result: NOTE
     installed size is 5.1Mb
     sub-directories of 1Mb or more:
     R 1.9Mb
     help 1.8Mb
Flavors: r-patched-solaris-x86, r-release-macos-arm64