CRAN Package Check Results for Package metamicrobiomeR

Last updated on 2024-03-04 19:54:17 CET.

Flavor Version Tinstall Tcheck Ttotal Status Flags
r-devel-linux-x86_64-debian-clang 1.2 12.01 193.82 205.83 OK
r-devel-linux-x86_64-debian-gcc 1.2 11.01 143.45 154.46 OK
r-devel-linux-x86_64-fedora-clang 1.2 255.44 NOTE
r-devel-linux-x86_64-fedora-gcc 1.2 257.69 NOTE
r-devel-windows-x86_64 1.2 14.00 155.00 169.00 OK
r-patched-linux-x86_64 1.2 14.12 192.46 206.58 OK
r-release-linux-x86_64 1.2 10.39 188.26 198.65 OK
r-release-macos-arm64 1.2 90.00 OK
r-release-macos-x86_64 1.2 125.00 NOTE
r-release-windows-x86_64 1.2 19.00 194.00 213.00 OK
r-oldrel-macos-arm64 1.2 72.00 NOTE
r-oldrel-windows-x86_64 1.2 17.00 186.00 203.00 OK

Check Details

Version: 1.2
Check: dependencies in R code
Result: NOTE Namespace in Imports field not imported from: ‘lmerTest’ All declared Imports should be used. Flavors: r-devel-linux-x86_64-fedora-clang, r-devel-linux-x86_64-fedora-gcc, r-oldrel-macos-arm64

Version: 1.2
Check: package dependencies
Result: NOTE Package suggested but not available for checking: ‘caret’ Flavor: r-release-macos-x86_64