CRAN Package Check Results for Package metaplotr

Last updated on 2021-11-30 19:51:28 CET.

Flavor Version Tinstall Tcheck Ttotal Status Flags
r-devel-linux-x86_64-debian-clang 0.0.3 2.51 49.15 51.66 NOTE
r-devel-linux-x86_64-debian-gcc 0.0.3 1.59 37.35 38.94 NOTE
r-devel-linux-x86_64-fedora-clang 0.0.3 71.05 OK
r-devel-linux-x86_64-fedora-gcc 0.0.3 60.55 OK
r-devel-windows-x86_64-new-UL 0.0.3 7.00 93.00 100.00 NOTE
r-devel-windows-x86_64-new-TK 0.0.3 OK
r-devel-windows-x86_64-old 0.0.3 4.00 52.00 56.00 NOTE
r-patched-linux-x86_64 0.0.3 2.59 43.46 46.05 NOTE
r-patched-solaris-x86 0.0.3 58.40 OK
r-release-linux-x86_64 0.0.3 2.39 44.65 47.04 NOTE
r-release-macos-arm64 0.0.3 OK
r-release-macos-x86_64 0.0.3 OK
r-release-windows-ix86+x86_64 0.0.3 6.00 52.00 58.00 NOTE
r-oldrel-macos-x86_64 0.0.3 OK
r-oldrel-windows-ix86+x86_64 0.0.3 5.00 48.00 53.00 NOTE

Check Details

Version: 0.0.3
Check: package vignettes
Result: NOTE
    Package vignette with placeholder title 'Vignette Title':
     'how_to_use_crosshairs.Rmd'
Flavors: r-devel-linux-x86_64-debian-clang, r-devel-linux-x86_64-debian-gcc, r-devel-windows-x86_64-new-UL, r-devel-windows-x86_64-old, r-patched-linux-x86_64, r-release-linux-x86_64, r-release-windows-ix86+x86_64, r-oldrel-windows-ix86+x86_64