CRAN Package Check Results for Package metaprotr

Last updated on 2021-12-06 19:50:44 CET.

Flavor Version Tinstall Tcheck Ttotal Status Flags
r-devel-linux-x86_64-debian-clang 1.2.2 10.91 84.27 95.18 OK
r-devel-linux-x86_64-debian-gcc 1.2.2 8.37 62.52 70.89 OK
r-devel-linux-x86_64-fedora-clang 1.2.2 118.62 NOTE
r-devel-linux-x86_64-fedora-gcc 1.2.2 100.18 NOTE
r-devel-windows-x86_64-new-UL 1.2.2 23.00 117.00 140.00 OK
r-devel-windows-x86_64-new-TK 1.2.2 NOTE
r-devel-windows-x86_64-old 1.2.2 20.00 69.00 89.00 OK
r-patched-linux-x86_64 1.2.2 10.34 70.87 81.21 OK
r-release-linux-x86_64 1.2.2 8.33 79.42 87.75 OK
r-release-macos-arm64 1.2.2 NOTE
r-release-macos-x86_64 1.2.2 NOTE
r-release-windows-ix86+x86_64 1.2.2 22.00 100.00 122.00 OK
r-oldrel-macos-x86_64 1.2.2 NOTE
r-oldrel-windows-ix86+x86_64 1.2.2 22.00 96.00 118.00 OK

Check Details

Version: 1.2.2
Check: dependencies in R code
Result: NOTE
    Namespaces in Imports field not imported from:
     ‘ade4’ ‘dendextend’ ‘ggforce’ ‘ggrepel’ ‘stringr’ ‘tidyverse’
     All declared Imports should be used.
Flavors: r-devel-linux-x86_64-fedora-clang, r-devel-linux-x86_64-fedora-gcc, r-devel-windows-x86_64-new-TK, r-release-macos-arm64, r-release-macos-x86_64, r-oldrel-macos-x86_64