CRAN Package Check Results for Package meteorits

Last updated on 2021-12-03 19:50:16 CET.

Flavor Version Tinstall Tcheck Ttotal Status Flags
r-devel-linux-x86_64-debian-clang 0.1.1 46.52 196.86 243.38 OK
r-devel-linux-x86_64-debian-gcc 0.1.1 37.70 179.15 216.85 OK
r-devel-linux-x86_64-fedora-clang 0.1.1 418.42 NOTE
r-devel-linux-x86_64-fedora-gcc 0.1.1 350.62 OK
r-devel-windows-x86_64-new-UL 0.1.1 77.00 350.00 427.00 NOTE
r-devel-windows-x86_64-new-TK 0.1.1 OK
r-devel-windows-x86_64-old 0.1.1 72.00 265.00 337.00 NOTE
r-patched-linux-x86_64 0.1.1 45.83 280.60 326.43 OK
r-release-linux-x86_64 0.1.1 47.08 273.67 320.75 OK
r-release-macos-arm64 0.1.1 NOTE
r-release-macos-x86_64 0.1.1 NOTE
r-release-windows-ix86+x86_64 0.1.1 130.00 336.00 466.00 NOTE
r-oldrel-macos-x86_64 0.1.1 NOTE
r-oldrel-windows-ix86+x86_64 0.1.1 127.00 351.00 478.00 NOTE

Check Details

Version: 0.1.1
Check: installed package size
Result: NOTE
     installed size is 6.7Mb
     sub-directories of 1Mb or more:
     doc 2.3Mb
     help 2.0Mb
     libs 2.0Mb
Flavors: r-devel-linux-x86_64-fedora-clang, r-devel-windows-x86_64-new-UL, r-devel-windows-x86_64-old, r-release-macos-arm64, r-release-macos-x86_64, r-release-windows-ix86+x86_64, r-oldrel-macos-x86_64, r-oldrel-windows-ix86+x86_64