CRAN Package Check Results for Package metro

Last updated on 2024-02-28 19:49:41 CET.

Flavor Version Tinstall Tcheck Ttotal Status Flags
r-devel-linux-x86_64-debian-clang 0.9.2 3.96 52.93 56.89 OK
r-devel-linux-x86_64-debian-gcc 0.9.2 4.23 40.90 45.13 OK
r-devel-linux-x86_64-fedora-clang 0.9.2 72.78 NOTE
r-devel-linux-x86_64-fedora-gcc 0.9.2 69.57 NOTE
r-devel-windows-x86_64 0.9.2 7.00 70.00 77.00 OK
r-patched-linux-x86_64 0.9.2 7.25 52.15 59.40 OK
r-release-linux-x86_64 0.9.2 4.87 51.85 56.72 OK
r-release-macos-arm64 0.9.2 33.00 OK
r-release-macos-x86_64 0.9.2 56.00 OK
r-release-windows-x86_64 0.9.2 8.00 76.00 84.00 OK
r-oldrel-macos-arm64 0.9.2 32.00 OK
r-oldrel-windows-x86_64 0.9.2 8.00 69.00 77.00 OK

Check Details

Version: 0.9.2
Check: data for non-ASCII characters
Result: NOTE Note: found 1 marked UTF-8 string Flavors: r-devel-linux-x86_64-fedora-clang, r-devel-linux-x86_64-fedora-gcc