CRAN Package Check Results for Package metsyn

Last updated on 2022-01-17 19:49:40 CET.

Flavor Version Tinstall Tcheck Ttotal Status Flags
r-devel-linux-x86_64-debian-clang 0.1.2 3.59 40.87 44.46 NOTE
r-devel-linux-x86_64-debian-gcc 0.1.2 2.45 31.96 34.41 NOTE
r-devel-linux-x86_64-fedora-clang 0.1.2 55.91 NOTE
r-devel-linux-x86_64-fedora-gcc 0.1.2 43.19 NOTE
r-devel-windows-x86_64-new-UL 0.1.2 18.00 57.00 75.00 NOTE
r-devel-windows-x86_64-new-TK 0.1.2 NOTE
r-patched-linux-x86_64 0.1.2 3.35 39.45 42.80 NOTE
r-release-linux-x86_64 0.1.2 NOTE
r-release-macos-arm64 0.1.2 NOTE
r-release-macos-x86_64 0.1.2 NOTE
r-release-windows-ix86+x86_64 0.1.2 9.00 49.00 58.00 NOTE
r-oldrel-macos-x86_64 0.1.2 OK
r-oldrel-windows-ix86+x86_64 0.1.2 9.00 51.00 60.00 OK

Check Details

Version: 0.1.2
Check: LazyData
Result: NOTE
     'LazyData' is specified without a 'data' directory
Flavors: r-devel-linux-x86_64-debian-clang, r-devel-linux-x86_64-debian-gcc, r-devel-linux-x86_64-fedora-clang, r-devel-linux-x86_64-fedora-gcc, r-devel-windows-x86_64-new-UL, r-devel-windows-x86_64-new-TK, r-patched-linux-x86_64, r-release-linux-x86_64, r-release-macos-arm64, r-release-macos-x86_64, r-release-windows-ix86+x86_64