Last updated on 2021-03-01 19:48:05 CET.
Flavor | Version | Tinstall | Tcheck | Ttotal | Status | Flags |
---|---|---|---|---|---|---|
r-devel-linux-x86_64-debian-clang | 0.1.2 | OK | ||||
r-devel-linux-x86_64-debian-gcc | 0.1.2 | 38.45 | 74.05 | 112.50 | OK | |
r-devel-linux-x86_64-fedora-clang | 0.1.2 | 206.43 | OK | |||
r-devel-linux-x86_64-fedora-gcc | 0.1.2 | 185.50 | OK | |||
r-devel-windows-ix86+x86_64 | 0.1.2 | 89.00 | 129.00 | 218.00 | OK | |
r-patched-linux-x86_64 | 0.1.2 | 47.93 | 89.74 | 137.67 | OK | |
r-patched-solaris-x86 | 0.1.2 | 257.20 | OK | |||
r-release-linux-x86_64 | 0.1.2 | 45.61 | 90.35 | 135.96 | OK | |
r-release-macos-x86_64 | 0.1.2 | OK | ||||
r-release-windows-ix86+x86_64 | 0.1.2 | 121.00 | 5.00 | 126.00 | ERROR | |
r-oldrel-macos-x86_64 | 0.1.2 | OK | ||||
r-oldrel-windows-ix86+x86_64 | 0.1.2 | 77.00 | 148.00 | 225.00 | OK |
Version: 0.1.2
Check: whether package can be installed
Result: ERROR
Installation failed.
Flavor: r-release-windows-ix86+x86_64