CRAN Package Check Results for Package mhurdle

Last updated on 2022-12-06 19:55:50 CET.

Flavor Version Tinstall Tcheck Ttotal Status Flags
r-devel-linux-x86_64-debian-clang 1.3-0 12.56 138.79 151.35 NOTE
r-devel-linux-x86_64-debian-gcc 1.3-0 11.63 102.93 114.56 NOTE
r-devel-linux-x86_64-fedora-clang 1.3-0 198.36 NOTE
r-devel-linux-x86_64-fedora-gcc 1.3-0 205.37 NOTE
r-devel-windows-x86_64 1.3-0 21.00 165.00 186.00 NOTE
r-patched-linux-x86_64 1.3-0 13.05 133.90 146.95 OK
r-release-linux-x86_64 1.3-0 15.94 131.27 147.21 OK
r-release-macos-arm64 1.3-0 54.00 OK
r-release-macos-x86_64 1.3-0 75.00 OK
r-release-windows-x86_64 1.3-0 34.00 181.00 215.00 OK
r-oldrel-macos-arm64 1.3-0 59.00 OK
r-oldrel-macos-x86_64 1.3-0 68.00 OK
r-oldrel-windows-ix86+x86_64 1.3-0 32.00 226.00 258.00 OK

Check Details

Version: 1.3-0
Check: package subdirectories
Result: NOTE
    Problems with news in 'NEWS.md':
    No news entries found.
Flavors: r-devel-linux-x86_64-debian-clang, r-devel-linux-x86_64-debian-gcc, r-devel-linux-x86_64-fedora-clang, r-devel-linux-x86_64-fedora-gcc, r-devel-windows-x86_64