CRAN Package Check Results for Package mi4p

Last updated on 2024-03-04 19:54:17 CET.

Flavor Version Tinstall Tcheck Ttotal Status Flags
r-devel-linux-x86_64-debian-clang 1.1 3.49 60.41 63.90 NOTE
r-devel-linux-x86_64-debian-gcc 1.1 3.28 46.32 49.60 OK
r-devel-linux-x86_64-fedora-clang 1.1 81.29 NOTE
r-devel-linux-x86_64-fedora-gcc 1.1 90.17 NOTE
r-devel-windows-x86_64 1.1 6.00 79.00 85.00 OK
r-patched-linux-x86_64 1.1 4.54 60.67 65.21 OK
r-release-linux-x86_64 1.1 3.97 61.11 65.08 OK
r-release-macos-arm64 1.1 40.00 NOTE
r-release-macos-x86_64 1.1 55.00 NOTE
r-release-windows-x86_64 1.1 8.00 96.00 104.00 OK
r-oldrel-macos-arm64 1.1 24.00 NOTE
r-oldrel-windows-x86_64 1.1 7.00 89.00 96.00 OK

Check Details

Version: 1.1
Check: package dependencies
Result: NOTE Package suggested but not available for checking: ‘DAPAR’ Flavor: r-devel-linux-x86_64-debian-clang

Version: 1.1
Check: package dependencies
Result: NOTE Packages suggested but not available for checking: 'DAPAR', 'ProteoMM' Flavors: r-devel-linux-x86_64-fedora-clang, r-devel-linux-x86_64-fedora-gcc, r-release-macos-arm64, r-release-macos-x86_64, r-oldrel-macos-arm64