CRAN Package Check Results for Package miRtest

Last updated on 2021-12-08 19:51:39 CET.

Flavor Version Tinstall Tcheck Ttotal Status Flags
r-devel-linux-x86_64-debian-clang 1.8 29.92 281.84 311.76 NOTE
r-devel-linux-x86_64-debian-gcc 1.8 26.62 216.84 243.46 NOTE
r-devel-linux-x86_64-fedora-clang 1.8 387.04 NOTE
r-devel-linux-x86_64-fedora-gcc 1.8 369.02 NOTE
r-devel-windows-x86_64-new-UL 1.8 49.00 328.00 377.00 NOTE
r-devel-windows-x86_64-new-TK 1.8 NOTE
r-devel-windows-x86_64-old 1.8 45.00 224.00 269.00 NOTE
r-patched-linux-x86_64 1.8 25.61 270.00 295.61 NOTE
r-release-linux-x86_64 1.8 25.22 268.58 293.80 NOTE
r-release-macos-arm64 1.8 NOTE
r-release-macos-x86_64 1.8 ERROR
r-release-windows-ix86+x86_64 1.8 51.00 310.00 361.00 NOTE
r-oldrel-macos-x86_64 1.8 ERROR
r-oldrel-windows-ix86+x86_64 1.8 61.00 266.00 327.00 NOTE

Check Details

Version: 1.8
Check: DESCRIPTION meta-information
Result: NOTE
    Malformed Description field: should contain one or more complete sentences.
Flavors: r-devel-linux-x86_64-debian-clang, r-devel-linux-x86_64-debian-gcc, r-devel-linux-x86_64-fedora-clang, r-devel-linux-x86_64-fedora-gcc, r-devel-windows-x86_64-new-UL, r-devel-windows-x86_64-new-TK, r-devel-windows-x86_64-old, r-patched-linux-x86_64, r-release-linux-x86_64, r-release-macos-arm64, r-release-windows-ix86+x86_64, r-oldrel-windows-ix86+x86_64

Version: 1.8
Check: R code for possible problems
Result: NOTE
    fisher.combination: no visible global function definition for 'pchisq'
    gs.test: no visible global function definition for 'ks.test'
    gs.test: no visible global function definition for 'wilcox.test'
    gs.test: no visible global function definition for 'fisher.test'
    inverse.normal.combination: no visible global function definition for
     'qnorm'
    inverse.normal.combination: no visible global function definition for
     'pnorm'
    limma.one.sided: no visible global function definition for 'pt'
    Undefined global functions or variables:
     fisher.test ks.test pchisq pnorm pt qnorm wilcox.test
    Consider adding
     importFrom("stats", "fisher.test", "ks.test", "pchisq", "pnorm", "pt",
     "qnorm", "wilcox.test")
    to your NAMESPACE file.
Flavors: r-devel-linux-x86_64-debian-clang, r-devel-linux-x86_64-debian-gcc, r-devel-linux-x86_64-fedora-clang, r-devel-linux-x86_64-fedora-gcc, r-devel-windows-x86_64-new-UL, r-devel-windows-x86_64-new-TK, r-devel-windows-x86_64-old, r-patched-linux-x86_64, r-release-linux-x86_64, r-release-macos-arm64, r-release-windows-ix86+x86_64, r-oldrel-windows-ix86+x86_64

Version: 1.8
Check: package dependencies
Result: ERROR
    Package required but not available: ‘GlobalAncova’
    
    See section ‘The DESCRIPTION file’ in the ‘Writing R Extensions’
    manual.
Flavors: r-release-macos-x86_64, r-oldrel-macos-x86_64