CRAN Package Check Results for Package miceadds

Last updated on 2024-02-25 19:50:03 CET.

Flavor Version Tinstall Tcheck Ttotal Status Flags
r-devel-linux-x86_64-debian-clang 3.17-44 175.76 221.72 397.48 OK
r-devel-linux-x86_64-debian-gcc 3.17-44 136.03 162.00 298.03 OK
r-devel-linux-x86_64-fedora-clang 3.17-44 568.28 OK
r-devel-linux-x86_64-fedora-gcc 3.17-44 548.38 OK
r-devel-windows-x86_64 3.17-44 132.00 222.00 354.00 OK
r-patched-linux-x86_64 3.17-44 158.36 206.53 364.89 OK
r-release-linux-x86_64 3.17-44 173.58 210.26 383.84 OK
r-release-macos-arm64 3.17-44 113.00 NOTE
r-release-macos-x86_64 3.17-44 182.00 NOTE
r-release-windows-x86_64 3.17-44 173.00 269.00 442.00 OK
r-oldrel-macos-arm64 3.17-44 108.00 NOTE
r-oldrel-windows-x86_64 3.17-44 164.00 255.00 419.00 OK

Check Details

Version: 3.17-44
Check: installed package size
Result: NOTE installed size is 7.3Mb sub-directories of 1Mb or more: libs 5.6Mb Flavors: r-release-macos-arm64, r-release-macos-x86_64, r-oldrel-macos-arm64