CRAN Package Check Results for Package microeco

Last updated on 2021-12-08 19:51:39 CET.

Flavor Version Tinstall Tcheck Ttotal Status Flags
r-devel-linux-x86_64-debian-clang 0.6.0 23.24 146.09 169.33 OK
r-devel-linux-x86_64-debian-gcc 0.6.0 18.33 114.72 133.05 OK
r-devel-linux-x86_64-fedora-clang 0.6.0 208.80 NOTE
r-devel-linux-x86_64-fedora-gcc 0.6.0 195.32 NOTE
r-devel-windows-x86_64-new-UL 0.6.0 43.00 192.00 235.00 OK
r-devel-windows-x86_64-new-TK 0.6.0 NOTE
r-devel-windows-x86_64-old 0.6.0 37.00 130.00 167.00 OK
r-patched-linux-x86_64 0.6.0 29.14 137.99 167.13 OK
r-release-linux-x86_64 0.6.0 20.18 138.22 158.40 OK
r-release-macos-arm64 0.6.0 NOTE
r-release-macos-x86_64 0.6.0 NOTE
r-release-windows-ix86+x86_64 0.6.0 30.00 180.00 210.00 OK
r-oldrel-macos-x86_64 0.6.0 NOTE
r-oldrel-windows-ix86+x86_64 0.6.0 47.00 174.00 221.00 OK

Check Details

Version: 0.6.0
Check: dependencies in R code
Result: NOTE
    Namespace in Imports field not imported from: ‘reshape2’
     All declared Imports should be used.
Flavors: r-devel-linux-x86_64-fedora-clang, r-devel-linux-x86_64-fedora-gcc, r-devel-windows-x86_64-new-TK, r-release-macos-arm64, r-release-macos-x86_64, r-oldrel-macos-x86_64

Version: 0.6.0
Check: package dependencies
Result: NOTE
    Package suggested but not available for checking: ‘ggtree’
Flavors: r-release-macos-x86_64, r-oldrel-macos-x86_64