CRAN Package Check Results for Package microservices

Last updated on 2021-11-26 20:49:40 CET.

Flavor Version Tinstall Tcheck Ttotal Status Flags
r-devel-linux-x86_64-debian-clang 0.1.2 2.55 26.87 29.42 OK
r-devel-linux-x86_64-debian-gcc 0.1.2 1.83 21.36 23.19 OK
r-devel-linux-x86_64-fedora-clang 0.1.2 46.49 NOTE
r-devel-linux-x86_64-fedora-gcc 0.1.2 35.40 NOTE
r-devel-windows-x86_64-new-UL 0.1.2 7.00 63.00 70.00 OK
r-devel-windows-x86_64-new-TK 0.1.2 NOTE
r-devel-windows-x86_64-old 0.1.2 3.00 46.00 49.00 OK
r-patched-linux-x86_64 0.1.2 2.56 25.83 28.39 OK
r-patched-solaris-x86 0.1.2 57.00 NOTE
r-release-linux-x86_64 0.1.2 OK
r-release-macos-arm64 0.1.2 NOTE
r-release-macos-x86_64 0.1.2 NOTE
r-release-windows-ix86+x86_64 0.1.2 6.00 35.00 41.00 OK
r-oldrel-macos-x86_64 0.1.2 NOTE
r-oldrel-windows-ix86+x86_64 0.1.2 11.00 41.00 52.00 OK

Check Details

Version: 0.1.2
Check: dependencies in R code
Result: NOTE
    Namespaces in Imports field not imported from:
     ‘config’ ‘desc’ ‘dplyr’ ‘glue’ ‘withr’
     All declared Imports should be used.
Flavors: r-devel-linux-x86_64-fedora-clang, r-devel-linux-x86_64-fedora-gcc, r-devel-windows-x86_64-new-TK, r-patched-solaris-x86, r-release-macos-arm64, r-release-macos-x86_64, r-oldrel-macos-x86_64