CRAN Package Check Results for Package microsimulation

Last updated on 2021-12-01 19:51:41 CET.

Flavor Version Tinstall Tcheck Ttotal Status Flags
r-devel-linux-x86_64-debian-clang 1.3.6 81.46 69.29 150.75 OK
r-devel-linux-x86_64-debian-gcc 1.3.6 61.72 55.39 117.11 OK
r-devel-linux-x86_64-fedora-clang 1.3.6 228.98 NOTE
r-devel-linux-x86_64-fedora-gcc 1.3.6 202.82 OK
r-devel-windows-x86_64-new-UL 1.3.6 169.00 148.00 317.00 NOTE
r-devel-windows-x86_64-new-TK 1.3.6 OK
r-devel-windows-x86_64-old 1.3.6 111.00 71.00 182.00 NOTE
r-patched-linux-x86_64 1.3.6 73.02 67.78 140.80 OK
r-patched-solaris-x86 1.3.6 210.10 NOTE
r-release-linux-x86_64 1.3.6 72.96 68.41 141.37 OK
r-release-macos-arm64 1.3.6 NOTE
r-release-macos-x86_64 1.3.6 NOTE
r-release-windows-ix86+x86_64 1.3.6 211.00 97.00 308.00 NOTE
r-oldrel-macos-x86_64 1.3.6 NOTE
r-oldrel-windows-ix86+x86_64 1.3.6 149.00 96.00 245.00 NOTE

Check Details

Version: 1.3.6
Check: installed package size
Result: NOTE
     installed size is 18.2Mb
     sub-directories of 1Mb or more:
     doc 6.0Mb
     lib 8.0Mb
     libs 3.4Mb
Flavors: r-devel-linux-x86_64-fedora-clang, r-devel-windows-x86_64-new-UL, r-devel-windows-x86_64-old, r-patched-solaris-x86, r-release-macos-arm64, r-release-macos-x86_64, r-release-windows-ix86+x86_64, r-oldrel-macos-x86_64, r-oldrel-windows-ix86+x86_64