CRAN Package Check Results for Package midfieldr

Last updated on 2024-06-14 22:57:22 CEST.

Flavor Version Tinstall Tcheck Ttotal Status Flags
r-devel-linux-x86_64-debian-clang 1.0.2 5.67 57.19 62.86 NOTE
r-devel-linux-x86_64-debian-gcc 1.0.2 3.46 44.79 48.25 NOTE
r-devel-linux-x86_64-fedora-clang 1.0.2 86.14 NOTE
r-devel-linux-x86_64-fedora-gcc 1.0.2 91.38 NOTE
r-devel-windows-x86_64 1.0.2 7.00 79.00 86.00 NOTE
r-patched-linux-x86_64 1.0.2 7.04 54.80 61.84 NOTE
r-release-linux-x86_64 1.0.2 5.46 56.20 61.66 NOTE
r-release-macos-arm64 1.0.2 52.00 NOTE
r-release-macos-x86_64 1.0.2 57.00 NOTE
r-release-windows-x86_64 1.0.2 8.00 76.00 84.00 NOTE
r-oldrel-macos-arm64 1.0.2 41.00 NOTE
r-oldrel-macos-x86_64 1.0.2 95.00 NOTE
r-oldrel-windows-x86_64 1.0.2 9.00 77.00 86.00 NOTE

Check Details

Version: 1.0.2
Check: package dependencies
Result: NOTE Package suggested but not available for checking: ‘midfielddata’ Flavors: r-devel-linux-x86_64-debian-clang, r-devel-linux-x86_64-debian-gcc, r-devel-linux-x86_64-fedora-clang, r-devel-linux-x86_64-fedora-gcc, r-devel-windows-x86_64, r-patched-linux-x86_64, r-release-linux-x86_64, r-release-macos-arm64, r-release-macos-x86_64, r-release-windows-x86_64, r-oldrel-macos-arm64, r-oldrel-macos-x86_64, r-oldrel-windows-x86_64