CRAN Package Check Results for Package mildsvm

Last updated on 2024-02-23 19:48:52 CET.

Flavor Version Tinstall Tcheck Ttotal Status Flags
r-devel-linux-x86_64-debian-clang 0.4.0 NOTE
r-devel-linux-x86_64-debian-gcc 0.4.0 6.69 122.64 129.33 NOTE
r-devel-linux-x86_64-fedora-clang 0.4.0 215.41 NOTE
r-devel-linux-x86_64-fedora-gcc 0.4.0 215.40 NOTE
r-devel-windows-x86_64 0.4.0 9.00 140.00 149.00 NOTE
r-patched-linux-x86_64 0.4.0 16.27 167.91 184.18 NOTE
r-release-linux-x86_64 0.4.0 5.56 167.90 173.46 NOTE
r-release-macos-arm64 0.4.0 57.00 NOTE
r-release-macos-x86_64 0.4.0 94.00 NOTE
r-release-windows-x86_64 0.4.0 11.00 169.00 180.00 NOTE
r-oldrel-macos-arm64 0.4.0 81.00 NOTE
r-oldrel-windows-x86_64 0.4.0 11.00 170.00 181.00 NOTE

Check Details

Version: 0.4.0
Check: package dependencies
Result: NOTE Package suggested but not available for checking: ‘gurobi’ Flavors: r-devel-linux-x86_64-debian-clang, r-devel-linux-x86_64-debian-gcc, r-devel-linux-x86_64-fedora-clang, r-devel-linux-x86_64-fedora-gcc, r-devel-windows-x86_64, r-patched-linux-x86_64, r-release-linux-x86_64, r-release-macos-arm64, r-release-macos-x86_64, r-release-windows-x86_64, r-oldrel-macos-arm64, r-oldrel-windows-x86_64