CRAN Package Check Results for Package milr

Last updated on 2022-05-27 21:51:26 CEST.

Flavor Version Tinstall Tcheck Ttotal Status Flags
r-devel-linux-x86_64-debian-clang 0.3.1 97.98 161.89 259.87 NOTE
r-devel-linux-x86_64-debian-gcc 0.3.1 82.16 123.07 205.23 NOTE
r-devel-linux-x86_64-fedora-clang 0.3.1 363.73 NOTE
r-devel-linux-x86_64-fedora-gcc 0.3.1 324.06 NOTE
r-devel-windows-x86_64 0.3.1 82.00 224.00 306.00 NOTE
r-patched-linux-x86_64 0.3.1 87.86 152.16 240.02 NOTE
r-release-linux-x86_64 0.3.1 85.17 152.64 237.81 NOTE
r-release-macos-arm64 0.3.1 105.00 NOTE
r-release-macos-x86_64 0.3.1 150.00 NOTE
r-release-windows-x86_64 0.3.1 83.00 226.00 309.00 NOTE
r-oldrel-macos-arm64 0.3.1 103.00 NOTE
r-oldrel-macos-x86_64 0.3.1 142.00 NOTE
r-oldrel-windows-ix86+x86_64 0.3.1 249.00 248.00 497.00 NOTE

Check Details

Version: 0.3.1
Check: LazyData
Result: NOTE
     'LazyData' is specified without a 'data' directory
Flavors: r-devel-linux-x86_64-debian-clang, r-devel-linux-x86_64-debian-gcc, r-devel-linux-x86_64-fedora-clang, r-devel-linux-x86_64-fedora-gcc, r-devel-windows-x86_64, r-patched-linux-x86_64, r-release-linux-x86_64, r-release-macos-arm64, r-release-macos-x86_64, r-release-windows-x86_64, r-oldrel-macos-arm64, r-oldrel-macos-x86_64, r-oldrel-windows-ix86+x86_64