Last updated on 2023-12-10 19:49:17 CET.
Flavor | Version | Tinstall | Tcheck | Ttotal | Status | Flags |
---|---|---|---|---|---|---|
r-devel-linux-x86_64-debian-clang | 1.5.0 | 32.76 | 670.59 | 703.35 | OK | |
r-devel-linux-x86_64-debian-gcc | 1.5.0 | 27.40 | 491.92 | 519.32 | OK | |
r-devel-linux-x86_64-fedora-clang | 1.5.0 | 887.76 | NOTE | |||
r-devel-linux-x86_64-fedora-gcc | 1.5.0 | 559.97 | NOTE | |||
r-devel-windows-x86_64 | 1.5.0 | 31.00 | 454.00 | 485.00 | OK | |
r-patched-linux-x86_64 | 1.5.0 | 44.13 | 639.51 | 683.64 | OK | |
r-release-linux-x86_64 | 1.5.0 | 30.02 | 647.15 | 677.17 | OK | |
r-release-macos-arm64 | 1.5.0 | 218.00 | OK | |||
r-release-macos-x86_64 | 1.5.0 | 379.00 | OK | |||
r-release-windows-x86_64 | 1.5.0 | 41.00 | 604.00 | 645.00 | OK | |
r-oldrel-macos-arm64 | 1.5.0 | 114.00 | OK | |||
r-oldrel-macos-x86_64 | 1.5.0 | 251.00 | OK | |||
r-oldrel-windows-x86_64 | 1.5.0 | 40.00 | 624.00 | 664.00 | OK |
Version: 1.5.0
Check: dependencies in R code
Result: NOTE
Namespace in Imports field not imported from: ‘mcmcr’
All declared Imports should be used.
Flavors: r-devel-linux-x86_64-fedora-clang, r-devel-linux-x86_64-fedora-gcc