CRAN Package Check Results for Package mixedMem

Last updated on 2021-12-01 19:51:41 CET.

Flavor Version Tinstall Tcheck Ttotal Status Flags
r-devel-linux-x86_64-debian-clang 1.1.2 162.56 78.47 241.03 OK
r-devel-linux-x86_64-debian-gcc 1.1.2 112.83 59.12 171.95 OK
r-devel-linux-x86_64-fedora-clang 1.1.2 393.27 OK
r-devel-linux-x86_64-fedora-gcc 1.1.2 345.13 OK
r-devel-windows-x86_64-new-UL 1.1.2 222.00 174.00 396.00 OK
r-devel-windows-x86_64-new-TK 1.1.2 OK
r-devel-windows-x86_64-old 1.1.2 221.00 83.00 304.00 OK
r-patched-linux-x86_64 1.1.2 140.12 71.24 211.36 OK
r-patched-solaris-x86 1.1.2 325.40 OK
r-release-linux-x86_64 1.1.2 146.96 72.32 219.28 OK
r-release-macos-arm64 1.1.2 NOTE
r-release-macos-x86_64 1.1.2 OK
r-release-windows-ix86+x86_64 1.1.2 431.00 110.00 541.00 OK
r-oldrel-macos-x86_64 1.1.2 OK
r-oldrel-windows-ix86+x86_64 1.1.2 335.00 106.00 441.00 OK

Check Details

Version: 1.1.2
Check: installed package size
Result: NOTE
     installed size is 5.4Mb
     sub-directories of 1Mb or more:
     libs 4.8Mb
Flavor: r-release-macos-arm64