CRAN Package Check Results for Package mixsqp

Last updated on 2021-11-28 19:48:57 CET.

Flavor Version Tinstall Tcheck Ttotal Status Flags
r-devel-linux-x86_64-debian-clang 0.3-43 OK
r-devel-linux-x86_64-debian-gcc 0.3-43 55.46 83.00 138.46 OK
r-devel-linux-x86_64-fedora-clang 0.3-43 269.24 OK
r-devel-linux-x86_64-fedora-gcc 0.3-43 236.57 OK
r-devel-windows-x86_64-new-UL 0.3-43 104.00 181.00 285.00 OK
r-devel-windows-x86_64-new-TK 0.3-43 OK
r-devel-windows-x86_64-old 0.3-43 73.00 148.00 221.00 OK
r-patched-linux-x86_64 0.3-43 68.05 103.09 171.14 OK
r-patched-solaris-x86 0.3-43 257.60 NOTE
r-release-linux-x86_64 0.3-43 65.83 105.63 171.46 OK
r-release-macos-arm64 0.3-43 OK
r-release-macos-x86_64 0.3-43 OK
r-release-windows-ix86+x86_64 0.3-43 194.00 139.00 333.00 OK
r-oldrel-macos-x86_64 0.3-43 OK
r-oldrel-windows-ix86+x86_64 0.3-43 139.00 147.00 286.00 OK

Check Details

Version: 0.3-43
Check: package dependencies
Result: NOTE
    Packages suggested but not available for checking: 'REBayes', 'Rmosek'
Flavor: r-patched-solaris-x86