CRAN Package Check Results for Package mixtools

Last updated on 2022-09-25 21:54:55 CEST.

Flavor Version Tinstall Tcheck Ttotal Status Flags
r-devel-linux-x86_64-debian-clang 1.2.0 27.15 243.84 270.99 NOTE
r-devel-linux-x86_64-debian-gcc 1.2.0 23.18 184.51 207.69 NOTE
r-devel-linux-x86_64-fedora-clang 1.2.0 355.60 NOTE
r-devel-linux-x86_64-fedora-gcc 1.2.0 335.08 NOTE
r-devel-windows-x86_64 1.2.0 70.00 362.00 432.00 NOTE
r-patched-linux-x86_64 1.2.0 30.46 238.91 269.37 OK
r-release-linux-x86_64 1.2.0 24.90 238.38 263.28 OK
r-release-macos-arm64 1.2.0 93.00 OK
r-release-macos-x86_64 1.2.0 131.00 OK
r-release-windows-x86_64 1.2.0 66.00 370.00 436.00 OK
r-oldrel-macos-arm64 1.2.0 118.00 OK
r-oldrel-macos-x86_64 1.2.0 200.00 OK
r-oldrel-windows-ix86+x86_64 1.2.0 61.00 409.00 470.00 OK

Check Details

Version: 1.2.0
Check: Rd files
Result: NOTE
    checkRd: (-1) RTdata2.Rd:3: Escaped LaTeX specials: \#
    checkRd: (-1) boot.comp.Rd:64: Escaped LaTeX specials: \&
    checkRd: (-1) boot.se.Rd:31: Escaped LaTeX specials: \&
    checkRd: (-1) compCDF.Rd:34: Escaped LaTeX specials: \&
    checkRd: (-1) hmeEM.Rd:57: Escaped LaTeX specials: \&
    checkRd: (-1) logisregmixEM.Rd:52: Escaped LaTeX specials: \&
    checkRd: (-1) multmixEM.Rd:50: Escaped LaTeX specials: \&
    checkRd: (-1) mvnormalmixEM.Rd:53: Escaped LaTeX specials: \&
    checkRd: (-1) normalmixEM.Rd:133: Escaped LaTeX specials: \&
    checkRd: (-1) normalmixEM2comp.Rd:55: Escaped LaTeX specials: \&
    checkRd: (-1) poisregmixEM.Rd:50: Escaped LaTeX specials: \&
    checkRd: (-1) regmixEM.Rd:67: Escaped LaTeX specials: \&
Flavors: r-devel-linux-x86_64-debian-clang, r-devel-linux-x86_64-debian-gcc, r-devel-linux-x86_64-fedora-clang, r-devel-linux-x86_64-fedora-gcc, r-devel-windows-x86_64