CRAN Package Check Results for Package mlmi

Last updated on 2024-04-22 21:52:51 CEST.

Flavor Version Tinstall Tcheck Ttotal Status Flags
r-devel-linux-x86_64-debian-clang 1.1.2 3.96 77.37 81.33 NOTE
r-devel-linux-x86_64-debian-gcc 1.1.2 2.32 61.07 63.39 NOTE
r-devel-linux-x86_64-fedora-clang 1.1.2 100.80 NOTE
r-devel-linux-x86_64-fedora-gcc 1.1.2 102.92 NOTE
r-prerel-macos-arm64 1.1.2 33.00 NOTE
r-prerel-windows-x86_64 1.1.2 4.00 92.00 96.00 NOTE
r-patched-linux-x86_64 1.1.2 3.84 77.92 81.76 NOTE
r-release-linux-x86_64 1.1.2 3.55 79.30 82.85 OK
r-release-macos-arm64 1.1.2 34.00 OK
r-release-macos-x86_64 1.1.2 75.00 OK
r-release-windows-x86_64 1.1.2 5.00 105.00 110.00 OK
r-oldrel-macos-arm64 1.1.2 36.00 OK
r-oldrel-windows-x86_64 1.1.2 5.00 111.00 116.00 OK

Check Details

Version: 1.1.2
Check: Rd files
Result: NOTE checkRd: (-1) refBasedCts.Rd:44: Lost braces 44 | using reference based imputation as proposed by \doi{10.1080/10543406.2013.834911}{Carpenter et al (2013)}. This approach | ^ Flavors: r-devel-linux-x86_64-debian-clang, r-devel-linux-x86_64-debian-gcc, r-devel-linux-x86_64-fedora-clang, r-devel-linux-x86_64-fedora-gcc, r-prerel-macos-arm64, r-prerel-windows-x86_64, r-patched-linux-x86_64