CRAN Package Check Results for Package mlmi

Last updated on 2021-02-27 19:47:59 CET.

Flavor Version Tinstall Tcheck Ttotal Status Flags
r-devel-linux-x86_64-debian-clang 1.0.0 2.07 66.14 68.21 OK
r-devel-linux-x86_64-debian-gcc 1.0.0 1.81 51.21 53.02 OK
r-devel-linux-x86_64-fedora-clang 1.0.0 92.30 OK
r-devel-linux-x86_64-fedora-gcc 1.0.0 81.53 OK
r-devel-windows-ix86+x86_64 1.0.0 6.00 73.00 79.00 OK
r-patched-linux-x86_64 1.0.0 2.33 65.10 67.43 OK
r-patched-solaris-x86 1.0.0 146.40 OK
r-release-linux-x86_64 1.0.0 2.63 64.50 67.13 OK
r-release-macos-x86_64 1.0.0 OK
r-release-windows-ix86+x86_64 1.0.0 24.00 5.00 29.00 ERROR
r-oldrel-macos-x86_64 1.0.0 OK
r-oldrel-windows-ix86+x86_64 1.0.0 3.00 95.00 98.00 OK

Check Details

Version: 1.0.0
Check: whether package can be installed
Result: ERROR
    Installation failed.
Flavor: r-release-windows-ix86+x86_64