CRAN Package Check Results for Package mlr3viz

Last updated on 2022-01-28 19:51:02 CET.

Flavor Version Tinstall Tcheck Ttotal Status Flags
r-devel-linux-x86_64-debian-clang 0.5.7 6.47 237.04 243.51 OK
r-devel-linux-x86_64-debian-gcc 0.5.7 5.21 157.04 162.25 OK
r-devel-linux-x86_64-fedora-clang 0.5.7 264.44 OK
r-devel-linux-x86_64-fedora-gcc 0.5.7 241.79 OK
r-devel-windows-x86_64-new-UL 0.5.7 255.00 206.00 461.00 OK
r-devel-windows-x86_64-new-TK 0.5.7 ERROR
r-patched-linux-x86_64 0.5.7 4.58 189.65 194.23 OK
r-release-linux-x86_64 0.5.7 6.81 190.97 197.78 OK
r-release-macos-arm64 0.5.7 OK
r-release-macos-x86_64 0.5.7 OK
r-release-windows-ix86+x86_64 0.5.7 15.00 202.00 217.00 OK
r-oldrel-macos-x86_64 0.5.7 OK
r-oldrel-windows-ix86+x86_64 0.5.7 16.00 197.00 213.00 OK

Check Details

Version: 0.5.7
Check: package dependencies
Result: NOTE
    Package suggested but not available for checking: 'factoextra'
Flavor: r-devel-windows-x86_64-new-TK

Version: 0.5.7
Check: Rd cross-references
Result: NOTE
    Package unavailable to check Rd xrefs: 'factoextra'
Flavor: r-devel-windows-x86_64-new-TK

Version: 0.5.7
Check: examples
Result: ERROR
    Running examples in 'mlr3viz-Ex.R' failed
    The error most likely occurred in:
    
    > ### Name: autoplot.LearnerClustHierarchical
    > ### Title: Plot for Hierarchical Clustering Learners
    > ### Aliases: autoplot.LearnerClustHierarchical
    >
    > ### ** Examples
    >
    > library(mlr3)
    > library(mlr3cluster)
    > library(mlr3viz)
    >
    > task = mlr_tasks$get("usarrests")
    >
    > # agnes clustering
    > learner = mlr_learners$get("clust.agnes")
    > learner$train(task)
    > autoplot(learner)
    Error: The following packages could not be loaded: factoextra
    Execution halted
Flavor: r-devel-windows-x86_64-new-TK