Last updated on 2021-03-07 19:49:01 CET.
Flavor | Version | Tinstall | Tcheck | Ttotal | Status | Flags |
---|---|---|---|---|---|---|
r-devel-linux-x86_64-debian-clang | 10.5-0 | 28.63 | 217.95 | 246.58 | OK | |
r-devel-linux-x86_64-debian-gcc | 10.5-0 | 23.64 | 158.91 | 182.55 | OK | |
r-devel-linux-x86_64-fedora-clang | 10.5-0 | 305.18 | NOTE | |||
r-devel-linux-x86_64-fedora-gcc | 10.5-0 | 284.70 | NOTE | |||
r-devel-windows-ix86+x86_64 | 10.5-0 | 51.00 | 254.00 | 305.00 | OK | |
r-devel-windows-x86_64-gcc10-UCRT | 10.5-0 | NOTE | ||||
r-patched-linux-x86_64 | 10.5-0 | 25.46 | 193.33 | 218.79 | OK | |
r-patched-solaris-x86 | 10.5-0 | 368.10 | NOTE | |||
r-release-linux-x86_64 | 10.5-0 | 25.12 | 197.34 | 222.46 | OK | |
r-release-macos-x86_64 | 10.5-0 | NOTE | ||||
r-release-windows-ix86+x86_64 | 10.5-0 | 37.00 | 176.00 | 213.00 | OK | |
r-oldrel-macos-x86_64 | 10.5-0 | NOTE | ||||
r-oldrel-windows-ix86+x86_64 | 10.5-0 | 34.00 | 166.00 | 200.00 | OK |
Version: 10.5-0
Check: dependencies in R code
Result: NOTE
Namespace in Imports field not imported from: ‘plotrix’
All declared Imports should be used.
Flavors: r-devel-linux-x86_64-fedora-clang, r-devel-linux-x86_64-fedora-gcc, r-devel-windows-x86_64-gcc10-UCRT, r-patched-solaris-x86, r-release-macos-x86_64, r-oldrel-macos-x86_64