CRAN Package Check Results for Package mmpf

Last updated on 2021-12-07 19:49:50 CET.

Flavor Version Tinstall Tcheck Ttotal Status Flags
r-devel-linux-x86_64-debian-clang 0.0.5 2.74 44.55 47.29 NOTE
r-devel-linux-x86_64-debian-gcc 0.0.5 2.22 34.28 36.50 NOTE
r-devel-linux-x86_64-fedora-clang 0.0.5 59.29 NOTE
r-devel-linux-x86_64-fedora-gcc 0.0.5 47.29 NOTE
r-devel-windows-x86_64-new-UL 0.0.5 7.00 79.00 86.00 NOTE
r-devel-windows-x86_64-new-TK 0.0.5 NOTE
r-devel-windows-x86_64-old 0.0.5 5.00 45.00 50.00 NOTE
r-patched-linux-x86_64 0.0.5 2.84 41.53 44.37 NOTE
r-release-linux-x86_64 0.0.5 2.69 41.50 44.19 NOTE
r-release-macos-arm64 0.0.5 NOTE
r-release-macos-x86_64 0.0.5 NOTE
r-release-windows-ix86+x86_64 0.0.5 6.00 54.00 60.00 NOTE
r-oldrel-macos-x86_64 0.0.5 OK
r-oldrel-windows-ix86+x86_64 0.0.5 7.00 56.00 63.00 OK

Check Details

Version: 0.0.5
Check: LazyData
Result: NOTE
     'LazyData' is specified without a 'data' directory
Flavors: r-devel-linux-x86_64-debian-clang, r-devel-linux-x86_64-debian-gcc, r-devel-linux-x86_64-fedora-clang, r-devel-linux-x86_64-fedora-gcc, r-devel-windows-x86_64-new-UL, r-devel-windows-x86_64-new-TK, r-devel-windows-x86_64-old, r-patched-linux-x86_64, r-release-linux-x86_64, r-release-macos-arm64, r-release-macos-x86_64, r-release-windows-ix86+x86_64