Last updated on 2021-03-03 19:48:11 CET.
Flavor | Version | Tinstall | Tcheck | Ttotal | Status | Flags |
---|---|---|---|---|---|---|
r-devel-linux-x86_64-debian-clang | 1.0 | 156.84 | 89.28 | 246.12 | OK | |
r-devel-linux-x86_64-debian-gcc | 1.0 | 115.30 | 69.49 | 184.79 | OK | |
r-devel-linux-x86_64-fedora-clang | 1.0 | 354.34 | NOTE | |||
r-devel-linux-x86_64-fedora-gcc | 1.0 | 325.32 | OK | |||
r-devel-windows-ix86+x86_64 | 1.0 | 359.00 | 219.00 | 578.00 | OK | |
r-patched-linux-x86_64 | 1.0 | 131.17 | 89.33 | 220.50 | OK | |
r-patched-solaris-x86 | 1.0 | 295.10 | OK | |||
r-release-linux-x86_64 | 1.0 | 135.76 | 88.49 | 224.25 | OK | |
r-release-macos-x86_64 | 1.0 | NOTE | ||||
r-release-windows-ix86+x86_64 | 1.0 | 257.00 | 173.00 | 430.00 | OK | |
r-oldrel-macos-x86_64 | 1.0 | NOTE | ||||
r-oldrel-windows-ix86+x86_64 | 1.0 | 306.00 | 189.00 | 495.00 | OK |
Version: 1.0
Check: installed package size
Result: NOTE
installed size is 17.9Mb
sub-directories of 1Mb or more:
libs 17.6Mb
Flavors: r-devel-linux-x86_64-fedora-clang, r-release-macos-x86_64, r-oldrel-macos-x86_64