CRAN Package Check Results for Package modeLLtest

Last updated on 2024-03-04 19:54:17 CET.

Flavor Version Tinstall Tcheck Ttotal Status Flags
r-devel-linux-x86_64-debian-clang 1.0.4 91.21 105.26 196.47 NOTE
r-devel-linux-x86_64-debian-gcc 1.0.4 68.55 79.31 147.86 NOTE
r-devel-linux-x86_64-fedora-clang 1.0.4 265.61 NOTE
r-devel-linux-x86_64-fedora-gcc 1.0.4 287.07 NOTE
r-devel-windows-x86_64 1.0.4 70.00 117.00 187.00 NOTE
r-patched-linux-x86_64 1.0.4 87.25 101.62 188.87 NOTE
r-release-linux-x86_64 1.0.4 87.81 100.36 188.17 NOTE
r-release-macos-arm64 1.0.4 77.00 NOTE
r-release-macos-x86_64 1.0.4 123.00 NOTE
r-release-windows-x86_64 1.0.4 89.00 141.00 230.00 NOTE
r-oldrel-macos-arm64 1.0.4 59.00 NOTE
r-oldrel-windows-x86_64 1.0.4 85.00 136.00 221.00 OK

Check Details

Version: 1.0.4
Check: C++ specification
Result: NOTE Specified C++11: please drop specification unless essential Flavors: r-devel-linux-x86_64-debian-clang, r-devel-linux-x86_64-debian-gcc, r-devel-linux-x86_64-fedora-clang, r-devel-linux-x86_64-fedora-gcc, r-devel-windows-x86_64, r-patched-linux-x86_64, r-release-linux-x86_64, r-release-macos-arm64, r-release-macos-x86_64, r-release-windows-x86_64

Version: 1.0.4
Check: data for non-ASCII characters
Result: NOTE Note: found 18 marked Latin-1 strings Flavors: r-devel-linux-x86_64-fedora-clang, r-devel-linux-x86_64-fedora-gcc, r-oldrel-macos-arm64