CRAN Package Check Results for Package modeest

Last updated on 2021-11-27 19:49:40 CET.

Flavor Version Tinstall Tcheck Ttotal Status Flags
r-devel-linux-x86_64-debian-clang 2.4.0 NOTE
r-devel-linux-x86_64-debian-gcc 2.4.0 4.86 40.61 45.47 NOTE
r-devel-linux-x86_64-fedora-clang 2.4.0 81.86 NOTE
r-devel-linux-x86_64-fedora-gcc 2.4.0 71.44 NOTE
r-devel-windows-x86_64-new-UL 2.4.0 13.00 95.00 108.00 NOTE
r-devel-windows-x86_64-new-TK 2.4.0 NOTE
r-devel-windows-x86_64-old 2.4.0 8.00 77.00 85.00 NOTE
r-patched-linux-x86_64 2.4.0 6.80 50.98 57.78 NOTE
r-patched-solaris-x86 2.4.0 101.10 NOTE
r-release-linux-x86_64 2.4.0 NOTE
r-release-macos-arm64 2.4.0 NOTE
r-release-macos-x86_64 2.4.0 NOTE
r-release-windows-ix86+x86_64 2.4.0 17.00 51.00 68.00 NOTE
r-oldrel-macos-x86_64 2.4.0 OK
r-oldrel-windows-ix86+x86_64 2.4.0 9.00 77.00 86.00 OK

Check Details

Version: 2.4.0
Check: LazyData
Result: NOTE
     'LazyData' is specified without a 'data' directory
Flavors: r-devel-linux-x86_64-debian-clang, r-devel-linux-x86_64-debian-gcc, r-devel-linux-x86_64-fedora-clang, r-devel-linux-x86_64-fedora-gcc, r-devel-windows-x86_64-new-UL, r-devel-windows-x86_64-new-TK, r-devel-windows-x86_64-old, r-patched-linux-x86_64, r-patched-solaris-x86, r-release-linux-x86_64, r-release-macos-arm64, r-release-macos-x86_64, r-release-windows-ix86+x86_64