Last updated on 2023-03-31 20:50:18 CEST.
Flavor | Version | Tinstall | Tcheck | Ttotal | Status | Flags |
---|---|---|---|---|---|---|
r-devel-linux-x86_64-debian-clang | 1.1.0 | 17.61 | 55.11 | 72.72 | OK | |
r-devel-linux-x86_64-debian-gcc | 1.1.0 | 16.84 | 41.10 | 57.94 | OK | |
r-devel-linux-x86_64-fedora-clang | 1.1.0 | 95.11 | NOTE | |||
r-devel-linux-x86_64-fedora-gcc | 1.1.0 | 90.87 | NOTE | |||
r-devel-windows-x86_64 | 1.1.0 | 60.00 | 0.00 | 60.00 | OK | |
r-patched-linux-x86_64 | 1.1.0 | 19.40 | 51.73 | 71.13 | OK | |
r-release-linux-x86_64 | 1.1.0 | 19.70 | 55.28 | 74.98 | OK | |
r-release-macos-arm64 | 1.1.0 | 39.00 | OK | |||
r-release-macos-x86_64 | 1.1.0 | 50.00 | OK | |||
r-release-windows-x86_64 | 1.1.0 | 49.00 | 102.00 | 151.00 | OK | |
r-oldrel-macos-arm64 | 1.1.0 | 47.00 | OK | |||
r-oldrel-macos-x86_64 | 1.1.0 | 54.00 | OK | |||
r-oldrel-windows-ix86+x86_64 | 1.1.0 | 32.00 | 93.00 | 125.00 | OK |
Version: 1.1.0
Check: Rd cross-references
Result: NOTE
Undeclared package ‘caret’ in Rd xrefs
Flavor: r-devel-linux-x86_64-fedora-clang
Version: 1.1.0
Check: data for non-ASCII characters
Result: NOTE
Note: found 313 marked UTF-8 strings
Flavors: r-devel-linux-x86_64-fedora-clang, r-devel-linux-x86_64-fedora-gcc