CRAN Package Check Results for Package modeldb

Last updated on 2021-06-21 21:51:26 CEST.

Flavor Version Tinstall Tcheck Ttotal Status Flags
r-devel-linux-x86_64-debian-clang 0.2.2 5.81 191.27 197.08 OK
r-devel-linux-x86_64-debian-gcc 0.2.2 4.52 123.77 128.29 OK
r-devel-linux-x86_64-fedora-clang 0.2.2 247.26 OK
r-devel-linux-x86_64-fedora-gcc 0.2.2 214.86 OK
r-devel-windows-x86_64 0.2.2 10.00 187.00 197.00 OK
r-devel-windows-x86_64-gcc10-UCRT 0.2.2 NOTE
r-patched-linux-x86_64 0.2.2 4.14 168.77 172.91 OK
r-patched-solaris-x86 0.2.2 320.50 OK
r-release-linux-x86_64 0.2.2 5.80 166.99 172.79 OK
r-release-macos-arm64 0.2.2 OK
r-release-macos-x86_64 0.2.2 OK
r-release-windows-ix86+x86_64 0.2.2 14.00 220.00 234.00 OK
r-oldrel-macos-x86_64 0.2.2 OK

Check Details

Version: 0.2.2
Check: package dependencies
Result: NOTE
    Package suggested but not available for checking: 'covr'
Flavor: r-devel-windows-x86_64-gcc10-UCRT