CRAN Package Check Results for Package molaR

Last updated on 2024-06-13 21:49:22 CEST.

Flavor Version Tinstall Tcheck Ttotal Status Flags
r-devel-linux-x86_64-debian-clang 5.3 18.85 267.17 286.02 NOTE
r-devel-linux-x86_64-debian-gcc 5.3 0.67 1.74 2.41 ERROR
r-devel-linux-x86_64-fedora-clang 5.3 359.09 NOTE
r-devel-linux-x86_64-fedora-gcc 5.3 352.13 NOTE
r-devel-windows-x86_64 5.3 15.00 191.00 206.00 OK
r-patched-linux-x86_64 5.3 15.16 251.00 266.16 NOTE
r-release-linux-x86_64 5.3 16.70 145.97 162.67 NOTE
r-release-macos-arm64 5.3 90.00 OK
r-release-macos-x86_64 5.3 141.00 OK
r-release-windows-x86_64 5.3 17.00 195.00 212.00 OK
r-oldrel-macos-arm64 5.3 102.00 OK
r-oldrel-macos-x86_64 5.3 142.00 OK
r-oldrel-windows-x86_64 5.3 20.00 236.00 256.00 OK

Check Details

Version: 5.3
Check: package dependencies
Result: NOTE Package suggested but not available for checking: ‘rglwidget’ Flavors: r-devel-linux-x86_64-debian-clang, r-devel-linux-x86_64-fedora-clang, r-devel-linux-x86_64-fedora-gcc, r-patched-linux-x86_64, r-release-linux-x86_64

Version: 5.3
Check: package dependencies
Result: ERROR Package required but not available: ‘alphahull’ Package suggested but not available for checking: ‘rglwidget’ See section ‘The DESCRIPTION file’ in the ‘Writing R Extensions’ manual. Flavor: r-devel-linux-x86_64-debian-gcc