CRAN Package Check Results for Package moodleR

Last updated on 2021-11-27 19:49:40 CET.

Flavor Version Tinstall Tcheck Ttotal Status Flags
r-devel-linux-x86_64-debian-clang 0.3.2 OK
r-devel-linux-x86_64-debian-gcc 0.3.2 9.42 79.57 88.99 OK
r-devel-linux-x86_64-fedora-clang 0.3.2 148.06 NOTE
r-devel-linux-x86_64-fedora-gcc 0.3.2 136.31 NOTE
r-devel-windows-x86_64-new-UL 0.3.2 24.00 151.00 175.00 OK
r-devel-windows-x86_64-new-TK 0.3.2 NOTE
r-devel-windows-x86_64-old 0.3.2 12.00 135.00 147.00 OK
r-patched-linux-x86_64 0.3.2 13.31 99.16 112.47 OK
r-patched-solaris-x86 0.3.2 194.70 NOTE
r-release-linux-x86_64 0.3.2 OK
r-release-macos-arm64 0.3.2 NOTE
r-release-macos-x86_64 0.3.2 NOTE
r-release-windows-ix86+x86_64 0.3.2 35.00 94.00 129.00 OK
r-oldrel-macos-x86_64 0.3.2 NOTE
r-oldrel-windows-ix86+x86_64 0.3.2 32.00 148.00 180.00 OK

Check Details

Version: 0.3.2
Check: dependencies in R code
Result: NOTE
    Namespace in Imports field not imported from: ‘here’
     All declared Imports should be used.
Flavors: r-devel-linux-x86_64-fedora-clang, r-devel-linux-x86_64-fedora-gcc, r-devel-windows-x86_64-new-TK, r-patched-solaris-x86, r-release-macos-arm64, r-release-macos-x86_64, r-oldrel-macos-x86_64