CRAN Package Check Results for Package mopac

Last updated on 2022-01-25 19:50:38 CET.

Flavor Version Tinstall Tcheck Ttotal Status Flags
r-devel-linux-x86_64-debian-clang 0.1.0 1.67 27.83 29.50 OK
r-devel-linux-x86_64-debian-gcc 0.1.0 1.74 21.96 23.70 OK
r-devel-linux-x86_64-fedora-clang 0.1.0 37.98 NOTE
r-devel-linux-x86_64-fedora-gcc 0.1.0 26.62 NOTE
r-devel-windows-x86_64-new-UL 0.1.0 17.00 51.00 68.00 OK
r-devel-windows-x86_64-new-TK 0.1.0 NOTE
r-patched-linux-x86_64 0.1.0 1.99 26.75 28.74 OK
r-release-linux-x86_64 0.1.0 2.19 26.71 28.90 OK
r-release-macos-arm64 0.1.0 NOTE
r-release-macos-x86_64 0.1.0 NOTE
r-release-windows-ix86+x86_64 0.1.0 7.00 35.00 42.00 OK
r-oldrel-macos-x86_64 0.1.0 NOTE
r-oldrel-windows-ix86+x86_64 0.1.0 5.00 35.00 40.00 OK

Check Details

Version: 0.1.0
Check: data for non-ASCII characters
Result: NOTE
     Note: found 13 marked UTF-8 strings
Flavors: r-devel-linux-x86_64-fedora-clang, r-devel-linux-x86_64-fedora-gcc, r-devel-windows-x86_64-new-TK, r-release-macos-arm64, r-release-macos-x86_64, r-oldrel-macos-x86_64