CRAN Package Check Results for Package mp

Last updated on 2024-03-02 19:50:23 CET.

Flavor Version Tinstall Tcheck Ttotal Status Flags
r-devel-linux-x86_64-debian-clang 0.4.1 59.16 29.86 89.02 OK
r-devel-linux-x86_64-debian-gcc 0.4.1 45.72 22.91 68.63 OK
r-devel-linux-x86_64-fedora-clang 0.4.1 143.11 NOTE
r-devel-linux-x86_64-fedora-gcc 0.4.1 136.87 NOTE
r-devel-windows-x86_64 0.4.1 49.00 70.00 119.00 OK
r-patched-linux-x86_64 0.4.1 65.09 29.44 94.53 OK
r-release-linux-x86_64 0.4.1 68.79 29.03 97.82 OK
r-release-macos-arm64 0.4.1 36.00 OK
r-release-macos-x86_64 0.4.1 59.00 OK
r-release-windows-x86_64 0.4.1 48.00 71.00 119.00 OK
r-oldrel-macos-arm64 0.4.1 43.00 OK
r-oldrel-windows-x86_64 0.4.1 60.00 71.00 131.00 OK

Check Details

Version: 0.4.1
Check: Rd cross-references
Result: NOTE Undeclared package ‘proxy’ in Rd xrefs Flavor: r-devel-linux-x86_64-fedora-clang

Version: 0.4.1
Check: compiled code
Result: NOTE File ‘mp/libs/mp.so’: Found no calls to: ‘R_registerRoutines’, ‘R_useDynamicSymbols’ It is good practice to register native routines and to disable symbol search. See ‘Writing portable packages’ in the ‘Writing R Extensions’ manual. Flavors: r-devel-linux-x86_64-fedora-clang, r-devel-linux-x86_64-fedora-gcc