CRAN Package Check Results for Package mpe

Last updated on 2021-11-29 19:51:36 CET.

Flavor Version Tinstall Tcheck Ttotal Status Flags
r-devel-linux-x86_64-debian-clang 1.0 2.32 398.86 401.18 NOTE
r-devel-linux-x86_64-debian-gcc 1.0 1.79 334.92 336.71 NOTE
r-devel-linux-x86_64-fedora-clang 1.0 489.58 NOTE
r-devel-linux-x86_64-fedora-gcc 1.0 429.83 NOTE
r-devel-windows-x86_64-new-UL 1.0 7.00 361.00 368.00 NOTE
r-devel-windows-x86_64-new-TK 1.0 NOTE
r-devel-windows-x86_64-old 1.0 6.00 327.00 333.00 NOTE
r-patched-linux-x86_64 1.0 2.62 368.55 371.17 NOTE
r-patched-solaris-x86 1.0 54.50 NOTE
r-release-linux-x86_64 1.0 2.47 408.92 411.39 NOTE
r-release-macos-arm64 1.0 NOTE
r-release-macos-x86_64 1.0 NOTE
r-release-windows-ix86+x86_64 1.0 6.00 429.00 435.00 NOTE
r-oldrel-macos-x86_64 1.0 OK
r-oldrel-windows-ix86+x86_64 1.0 5.00 534.00 539.00 OK

Check Details

Version: 1.0
Check: LazyData
Result: NOTE
     'LazyData' is specified without a 'data' directory
Flavors: r-devel-linux-x86_64-debian-clang, r-devel-linux-x86_64-debian-gcc, r-devel-linux-x86_64-fedora-clang, r-devel-linux-x86_64-fedora-gcc, r-devel-windows-x86_64-new-UL, r-devel-windows-x86_64-new-TK, r-devel-windows-x86_64-old, r-patched-linux-x86_64, r-patched-solaris-x86, r-release-linux-x86_64, r-release-macos-arm64, r-release-macos-x86_64, r-release-windows-ix86+x86_64