CRAN Package Check Results for Package mrfDepth

Last updated on 2024-02-21 19:53:20 CET.

Flavor Version Tinstall Tcheck Ttotal Status Flags
r-devel-linux-x86_64-debian-clang 1.0.16 OK
r-devel-linux-x86_64-debian-gcc 1.0.16 78.20 93.13 171.33 OK
r-devel-linux-x86_64-fedora-clang 1.0.16 292.59 OK
r-devel-linux-x86_64-fedora-gcc 1.0.16 296.02 OK
r-devel-windows-x86_64 1.0.16 83.00 133.00 216.00 OK
r-patched-linux-x86_64 1.0.16 101.54 120.59 222.13 OK
r-release-linux-x86_64 1.0.16 95.66 118.27 213.93 OK
r-release-macos-arm64 1.0.16 86.00 NOTE
r-release-macos-x86_64 1.0.16 125.00 NOTE
r-release-windows-x86_64 1.0.16 102.00 168.00 270.00 OK
r-oldrel-macos-arm64 1.0.16 85.00 NOTE
r-oldrel-windows-x86_64 1.0.16 96.00 165.00 261.00 OK

Check Details

Version: 1.0.16
Check: installed package size
Result: NOTE installed size is 14.8Mb sub-directories of 1Mb or more: data 1.6Mb libs 12.7Mb Flavors: r-release-macos-arm64, r-release-macos-x86_64, r-oldrel-macos-arm64