CRAN Package Check Results for Package mscstts

Last updated on 2025-01-19 19:48:25 CET.

Flavor Version Tinstall Tcheck Ttotal Status Flags
r-devel-linux-x86_64-debian-clang 0.6.3 2.08 25.11 27.19 NOTE
r-devel-linux-x86_64-debian-gcc 0.6.3 1.73 20.25 21.98 NOTE
r-devel-linux-x86_64-fedora-clang 0.6.3 44.71 OK
r-devel-linux-x86_64-fedora-gcc 0.6.3 42.69 OK
r-devel-windows-x86_64 0.6.3 4.00 56.00 60.00 NOTE
r-patched-linux-x86_64 0.6.3 5.78 23.73 29.51 OK
r-release-linux-x86_64 0.6.3 2.05 23.65 25.70 OK
r-release-macos-arm64 0.6.3 19.00 OK
r-release-macos-x86_64 0.6.3 27.00 OK
r-release-windows-x86_64 0.6.3 4.00 52.00 56.00 OK
r-oldrel-macos-arm64 0.6.3 19.00 OK
r-oldrel-macos-x86_64 0.6.3 25.00 OK
r-oldrel-windows-x86_64 0.6.3 4.00 57.00 61.00 OK

Check Details

Version: 0.6.3
Check: Rd cross-references
Result: NOTE Found the following Rd file(s) with Rd \link{} targets missing package anchors: ms_list_voices.Rd: GET ms_synthesize.Rd: POST Please provide package anchors for all Rd \link{} targets not in the package itself and the base packages. Flavors: r-devel-linux-x86_64-debian-clang, r-devel-linux-x86_64-debian-gcc, r-devel-windows-x86_64