CRAN Package Check Results for Package mshap

Last updated on 2024-03-02 19:50:23 CET.

Flavor Version Tinstall Tcheck Ttotal Status Flags
r-devel-linux-x86_64-debian-clang 0.1.0 2.93 46.94 49.87 OK
r-devel-linux-x86_64-debian-gcc 0.1.0 2.23 35.82 38.05 OK
r-devel-linux-x86_64-fedora-clang 0.1.0 60.17 NOTE
r-devel-linux-x86_64-fedora-gcc 0.1.0 69.54 NOTE
r-devel-windows-x86_64 0.1.0 3.00 59.00 62.00 OK
r-patched-linux-x86_64 0.1.0 2.58 44.86 47.44 OK
r-release-linux-x86_64 0.1.0 1.67 44.78 46.45 OK
r-release-macos-arm64 0.1.0 85.00 OK
r-release-macos-x86_64 0.1.0 45.00 OK
r-release-windows-x86_64 0.1.0 5.00 68.00 73.00 OK
r-oldrel-macos-arm64 0.1.0 27.00 NOTE
r-oldrel-windows-x86_64 0.1.0 5.00 68.00 73.00 OK

Check Details

Version: 0.1.0
Check: dependencies in R code
Result: NOTE Namespace in Imports field not imported from: ‘tidyselect’ All declared Imports should be used. Flavors: r-devel-linux-x86_64-fedora-clang, r-devel-linux-x86_64-fedora-gcc, r-oldrel-macos-arm64