CRAN Package Check Results for Package mtsdi

Last updated on 2023-09-24 22:08:04 CEST.

Flavor Version Tinstall Tcheck Ttotal Status Flags
r-devel-linux-x86_64-debian-clang 0.3.5 3.55 34.01 37.56 NOTE
r-devel-linux-x86_64-debian-gcc 0.3.5 2.08 25.78 27.86 NOTE
r-devel-linux-x86_64-fedora-clang 0.3.5 45.15 NOTE
r-devel-linux-x86_64-fedora-gcc 0.3.5 44.34 NOTE
r-devel-windows-x86_64 0.3.5 4.00 50.00 54.00 NOTE
r-patched-linux-x86_64 0.3.5 2.51 32.60 35.11 NOTE
r-release-linux-x86_64 0.3.5 3.29 33.15 36.44 NOTE
r-release-macos-arm64 0.3.5 30.00 NOTE
r-release-macos-x86_64 0.3.5 24.00 NOTE
r-release-windows-x86_64 0.3.5 5.00 50.00 55.00 NOTE
r-oldrel-macos-arm64 0.3.5 20.00 OK
r-oldrel-macos-x86_64 0.3.5 23.00 OK
r-oldrel-windows-x86_64 0.3.5 5.00 54.00 59.00 OK

Check Details

Version: 0.3.5
Check: Rd files
Result: NOTE
    checkRd: (-1) mkjnw.Rd:3: Escaped LaTeX specials: \&
    checkRd: (-1) mkjnw.Rd:6: Escaped LaTeX specials: \&
Flavors: r-devel-linux-x86_64-debian-clang, r-devel-linux-x86_64-debian-gcc, r-devel-linux-x86_64-fedora-clang, r-devel-linux-x86_64-fedora-gcc, r-devel-windows-x86_64, r-patched-linux-x86_64, r-release-linux-x86_64, r-release-macos-arm64, r-release-macos-x86_64, r-release-windows-x86_64