CRAN Package Check Results for Package muRty

Last updated on 2024-04-17 21:56:02 CEST.

Flavor Version Tinstall Tcheck Ttotal Status Flags
r-devel-linux-x86_64-debian-clang 0.3.1 3.13 30.08 33.21 NOTE
r-devel-linux-x86_64-debian-gcc 0.3.1 2.23 23.35 25.58 NOTE
r-devel-linux-x86_64-fedora-clang 0.3.1 42.15 NOTE
r-devel-linux-x86_64-fedora-gcc 0.3.1 39.74 NOTE
r-prerel-macos-arm64 0.3.1 18.00 NOTE
r-prerel-windows-x86_64 0.3.1 3.00 51.00 54.00 NOTE
r-patched-linux-x86_64 0.3.1 2.40 28.26 30.66 NOTE
r-release-linux-x86_64 0.3.1 2.32 28.56 30.88 NOTE
r-release-macos-arm64 0.3.1 22.00 NOTE
r-release-macos-x86_64 0.3.1 24.00 NOTE
r-release-windows-x86_64 0.3.1 3.00 52.00 55.00 NOTE
r-oldrel-macos-arm64 0.3.1 19.00 NOTE
r-oldrel-windows-x86_64 0.3.1 4.00 57.00 61.00 NOTE

Check Details

Version: 0.3.1
Check: LazyData
Result: NOTE 'LazyData' is specified without a 'data' directory Flavors: r-devel-linux-x86_64-debian-clang, r-devel-linux-x86_64-debian-gcc, r-devel-linux-x86_64-fedora-clang, r-devel-linux-x86_64-fedora-gcc, r-prerel-macos-arm64, r-prerel-windows-x86_64, r-patched-linux-x86_64, r-release-linux-x86_64, r-release-macos-arm64, r-release-macos-x86_64, r-release-windows-x86_64, r-oldrel-macos-arm64, r-oldrel-windows-x86_64