Last updated on 2022-05-20 21:52:56 CEST.
Flavor | Version | Tinstall | Tcheck | Ttotal | Status | Flags |
---|---|---|---|---|---|---|
r-devel-linux-x86_64-debian-clang | 2.1.34 | 7.09 | 74.71 | 81.80 | OK | |
r-devel-linux-x86_64-debian-gcc | 2.1.34 | 4.66 | 58.14 | 62.80 | OK | |
r-devel-linux-x86_64-fedora-clang | 2.1.34 | 101.76 | NOTE | |||
r-devel-linux-x86_64-fedora-gcc | 2.1.34 | 99.54 | NOTE | |||
r-devel-windows-x86_64 | 2.1.34 | 16.00 | 100.00 | 116.00 | OK | |
r-patched-linux-x86_64 | 2.1.34 | 7.19 | 72.30 | 79.49 | OK | |
r-release-linux-x86_64 | 2.1.34 | 6.75 | 73.32 | 80.07 | OK | |
r-release-macos-arm64 | 2.1.34 | 32.00 | NOTE | |||
r-release-macos-x86_64 | 2.1.34 | 39.00 | NOTE | |||
r-release-windows-x86_64 | 2.1.34 | 20.00 | 99.00 | 119.00 | OK | |
r-oldrel-macos-arm64 | 2.1.34 | 43.00 | NOTE | |||
r-oldrel-macos-x86_64 | 2.1.34 | 39.00 | NOTE | |||
r-oldrel-windows-ix86+x86_64 | 2.1.34 | 19.00 | 105.00 | 124.00 | OK |
Version: 2.1.34
Check: dependencies in R code
Result: NOTE
Namespace in Imports field not imported from: ‘shape’
All declared Imports should be used.
Flavors: r-devel-linux-x86_64-fedora-clang, r-devel-linux-x86_64-fedora-gcc, r-release-macos-arm64, r-release-macos-x86_64, r-oldrel-macos-arm64, r-oldrel-macos-x86_64