CRAN Package Check Results for Package multicmp

Last updated on 2023-12-07 19:58:35 CET.

Flavor Version Tinstall Tcheck Ttotal Status Flags
r-devel-linux-x86_64-debian-clang 1.1 2.48 25.88 28.36 NOTE
r-devel-linux-x86_64-debian-gcc 1.1 1.89 19.88 21.77 NOTE
r-devel-linux-x86_64-fedora-clang 1.1 35.33 OK
r-devel-linux-x86_64-fedora-gcc 1.1 33.45 OK
r-devel-windows-x86_64 1.1 4.00 41.00 45.00 OK
r-patched-linux-x86_64 1.1 1.73 25.55 27.28 OK
r-release-linux-x86_64 1.1 1.95 25.53 27.48 OK
r-release-macos-arm64 1.1 18.00 OK
r-release-macos-x86_64 1.1 22.00 OK
r-release-windows-x86_64 1.1 4.00 41.00 45.00 OK
r-oldrel-macos-arm64 1.1 17.00 OK
r-oldrel-macos-x86_64 1.1 25.00 OK
r-oldrel-windows-x86_64 1.1 5.00 50.00 55.00 OK

Check Details

Version: 1.1
Check: Rd files
Result: NOTE checkRd: (-1) dbivCMP.Rd:14: Lost braces; missing escapes or markup? 14 | \item{bivprob}{Bivariate probabilities, {p00, p01, p10, p11}.} | ^ Flavors: r-devel-linux-x86_64-debian-clang, r-devel-linux-x86_64-debian-gcc