CRAN Package Check Results for Package mustashe

Last updated on 2021-04-17 21:49:02 CEST.

Flavor Version Tinstall Tcheck Ttotal Status Flags
r-devel-linux-x86_64-debian-clang 0.1.2 2.12 27.13 29.25 WARN
r-devel-linux-x86_64-debian-gcc 0.1.2 1.61 21.49 23.10 WARN
r-devel-linux-x86_64-fedora-clang 0.1.2 48.59 WARN
r-devel-linux-x86_64-fedora-gcc 0.1.2 37.98 WARN
r-devel-windows-ix86+x86_64 0.1.2 6.00 5.00 11.00 ERROR
r-devel-windows-x86_64-gcc10-UCRT 0.1.2 WARN
r-patched-linux-x86_64 0.1.2 2.13 28.00 30.13 OK
r-patched-solaris-x86 0.1.2 57.90 OK
r-release-linux-x86_64 0.1.2 2.10 28.39 30.49 OK
r-release-macos-x86_64 0.1.2 OK
r-release-windows-ix86+x86_64 0.1.2 17.00 61.00 78.00 OK
r-oldrel-macos-x86_64 0.1.2 OK
r-oldrel-windows-ix86+x86_64 0.1.2 3.00 57.00 60.00 OK

Check Details

Version: 0.1.2
Check: package dependencies
Result: NOTE
    Package suggested but not available for checking: 'tictoc'
Flavors: r-devel-linux-x86_64-debian-clang, r-devel-linux-x86_64-debian-gcc, r-devel-linux-x86_64-fedora-clang, r-devel-linux-x86_64-fedora-gcc, r-devel-windows-x86_64-gcc10-UCRT

Version: 0.1.2
Check: LazyData
Result: NOTE
     'LazyData' is specified without a 'data' directory
Flavors: r-devel-linux-x86_64-debian-clang, r-devel-linux-x86_64-debian-gcc, r-devel-linux-x86_64-fedora-clang, r-devel-linux-x86_64-fedora-gcc, r-devel-windows-x86_64-gcc10-UCRT

Version: 0.1.2
Check: re-building of vignette outputs
Result: WARN
    Error(s) in re-building vignettes:
     ...
    --- re-building 'getting-started.Rmd' using rmarkdown
    Quitting from lines 11-18 (getting-started.Rmd)
    Error: processing vignette 'getting-started.Rmd' failed with diagnostics:
    there is no package called 'tictoc'
    --- failed re-building 'getting-started.Rmd'
    
    --- re-building 'how-mustashe-works.Rmd' using rmarkdown
    --- finished re-building 'how-mustashe-works.Rmd'
    
    SUMMARY: processing the following file failed:
     'getting-started.Rmd'
    
    Error: Vignette re-building failed.
    Execution halted
Flavors: r-devel-linux-x86_64-debian-clang, r-devel-linux-x86_64-debian-gcc, r-devel-windows-x86_64-gcc10-UCRT

Version: 0.1.2
Check: re-building of vignette outputs
Result: WARN
    Error(s) in re-building vignettes:
    --- re-building ‘getting-started.Rmd’ using rmarkdown
    Quitting from lines 11-18 (getting-started.Rmd)
    Error: processing vignette 'getting-started.Rmd' failed with diagnostics:
    there is no package called 'tictoc'
    --- failed re-building ‘getting-started.Rmd’
    
    --- re-building ‘how-mustashe-works.Rmd’ using rmarkdown
    --- finished re-building ‘how-mustashe-works.Rmd’
    
    SUMMARY: processing the following file failed:
     ‘getting-started.Rmd’
    
    Error: Vignette re-building failed.
    Execution halted
Flavors: r-devel-linux-x86_64-fedora-clang, r-devel-linux-x86_64-fedora-gcc

Version: 0.1.2
Check: whether package can be installed
Result: ERROR
    
    See *
Flavor: r-devel-windows-ix86+x86_64